4. Let n(y) = -5*y**2 + 3*y + 15. Let k(l) = -4*a(l) + 3*n(l). What are the prime factors of k(h)?
7, 19
Suppose -38*v = -4*b - 43*v + 35780, 4*b - 35780 = v. What are the prime factors of b?
5, 1789
Let z(v) = -8*v**2 - 3*v - 24. Let k(x) = 10*x**2 + 2*x + 25. Let r(n) = -3*k(n) - 4*z(n). List the prime factors of r(13).
19, 23
Let y(p) = 1113*p - 1790. List the prime factors of y(4).
2, 11
Let y(d) = 30*d - 7*d**2 + 3 - 2*d**3 - 15*d - 17*d. Let g be y(-8). Suppose -8*u = -3*u - g. List the prime factors of u.
7, 17
List the prime factors of 2/8 + 2/(-8)*(-29 - 24430).
5, 1223
Suppose 252 = -9*d + 2*d. Let a be -5*(1/2)/((-30)/d). Let b(q) = 2*q**2 + 5*q + 2. List the prime factors of b(a).
5
Let x(v) = 2*v**3 - 7*v**2 + 36*v - 15. List the prime factors of x(18).
3, 3343
List the prime factors of ((-11)/6*3)/((-38)/6308).
11, 83
Let p = -69 + 73. What are the prime factors of p/12 + 10038/18?
2, 3, 31
Suppose 0 = -4*v - 188 + 8. Let i be v/6*8/(-10). Suppose -9*k = -i*k - 39. List the prime factors of k.
13
Let x be (57 + -57)*1/(-2)*-2. Suppose -i + x = 3, z - 3*i - 1103 = 0. What are the prime factors of z?
2, 547
Let l(m) = 111*m**2 - 2*m - 5 - 3*m - 120*m**2. Let y be l(8). What are the prime factors of 1/(-5) + y/(-5)?
2, 31
Let n be (-11942)/(-22) - (30/55)/(-3). Suppose 5*s + 38 - n = 0. Suppose -40 - s = -l. What are the prime factors of l?
3, 47
Suppose -2*q = 5*h - 109956, -3*h + 46*q + 65996 = 44*q. List the prime factors of h.
2, 7, 1571
Let t(p) = -22*p**2 - 47*p - 3. Let f be t(-2). Suppose 31 = 3*c - 4*g - 21, 14 = c - f*g. List the prime factors of c.
2, 5
Let a = 5385 + -3393. Suppose 3*t = -3*m + a, 5 = -0*m - m. What are the prime factors of t?
3, 223
Let b = 45 + -52. Let y(j) = -j**3 - 8*j**2 - 9*j - 11. Let k be y(b). Let m(d) = d**3 + 5*d**2 - 2*d + 1. List the prime factors of m(k).
67
Let i(u) = -119*u - 1575. What are the prime factors of i(-88)?
7, 31, 41
Let a = 14 + -4. Let z(b) = b - 6*b + 46 + 7*b - 30. List the prime factors of z(a).
2, 3
Let j(d) = -3*d**2 + 3. Let l be j(-3). Let x be 1/(-6) + ((-988)/l)/13. Suppose 2*v = 2*y - 116, 8*v - 25 = x*v. List the prime factors of y.
3, 7
Suppose -7*g + 8*g = -370. Let u = g + 251. Let i = u - -213. What are the prime factors of i?
2, 47
Let m(p) = -10*p**3 + 2*p + 2. Let i be m(-2). Let b = i + -265. What are the prime factors of 34/b + (-950)/(-22)?
43
Suppose 2*p - 3*n - 61229 - 47332 = 0, p + 2*n = 54305. What are the prime factors of p?
3, 18097
Let m(n) = -n - 2. Let y be m(2). Let v be (3 + 2)*(-3)/(30/y). Suppose -v*i - 19 = c - 81, 160 = 2*c - 5*i. List the prime factors of c.
2, 5, 7
Suppose 0*d + 126 = -6*d. Let i be 7386/(-14)*-1 - 9/d. Suppose -4*x - 3*h + i = 0, 3*x - 500 = -h - 104. List the prime factors of x.
2, 3, 11
Let d(b) be the first derivative of -28*b**2 + 17*b - 16. List the prime factors of d(-10).
577
Let k = 101939 + -47087. List the prime factors of k.
2, 3, 7, 653
Let d be ((-32)/10)/((-16)/40). Let p(q) = 12*q + 11 - 44 - 10. What are the prime factors of p(d)?
53
Suppose -3*p - 49640 = -5*t - 5*p, 0 = -4*p - 20. List the prime factors of t.
2, 3, 5, 331
Suppose 2*v - v - 5*w - 2 = 0, 2*v - 4 = -w. Let n(f) = v + 35*f**2 + 11*f**2 - 2. List the prime factors of n(-1).
2, 23
Suppose -12*c + 6*z + 119991 = -9*c, -z = -5*c + 200048. List the prime factors of c.
3, 13337
Let v be 6/4*2/(-3)*1. List the prime factors of (-5 - -455) + (1 - (-1 - v)).
11, 41
Suppose -n - 5*d + 491 = 0, -d - 3 = 2. Suppose 1059 + n = 3*m. What are the prime factors of m?
3, 5, 7
What are the prime factors of (2 + -3)/((-3)/24372)?
2, 3, 677
Suppose -11*t + 71349 = 7285. What are the prime factors of (47/4 + -2)*t/42?
2, 13
Let a(j) = -j**3 - 31*j**2 - 5*j + 38. Suppose -5*n + 18*n = -416. List the prime factors of a(n).
2, 13, 47
Suppose 300394 = 70*l - 183936. What are the prime factors of l?
11, 17, 37
Let m(g) = g + 10. Let f be m(-10). Suppose f = 6*h - h - 1565. Suppose -3*p - 5*a - 97 + h = 0, 5*a = p - 72. List the prime factors of p.
2, 3
Suppose 523121 = 86*c + 11*c. List the prime factors of c.
5393
Suppose -57011 = -4*i + 6*o - 4815, 65209 = 5*i - 3*o. List the prime factors of i.
13037
Suppose -4*m + 5*m - 2 = -q, m = q - 10. What are the prime factors of 3964/24*q - (2 - 1)?
2, 3, 5, 11
Suppose -5*m + 46 = 4*y, -5*y - 22 = -2*m - 3*y. Suppose 15*j - m*j = -770. Let s = j - -225. What are the prime factors of s?
71
List the prime factors of (-3 + 1624/12)/((-1)/(-18)).
2, 3, 397
Let q be (-1 - (-1)/4)*80/(-12). Suppose -h + 6 = h - q*r, 0 = -h + 2*r + 3. List the prime factors of h/2*(-1236)/(-9).
2, 103
List the prime factors of (1292 - 63287)*2*2/(-5).
2, 3, 4133
What are the prime factors of 2*((-611445)/(-30) - -21)?
5, 8161
What are the prime factors of (1555/2)/(1540/7392)?
2, 3, 311
Suppose 3363*o - 99097 = 3359*o - 5*i, 3*i - 99111 = -4*o. What are the prime factors of o?
3, 11, 751
Suppose -w + 8 = -2. Suppose -6*k = -w*k + 2616. List the prime factors of k.
2, 3, 109
Let j = -131 + 210. Let y = -79 + j. Suppose -m + 3*v - 4*v + 146 = y, 3 = -v. List the prime factors of m.
149
Let n be (8/10)/(114/(-95))*-6. Suppose -2*h = -5*q + 3181, 4*q + 1437 = 2*h + 3983. Suppose -3*w = -n*o + 629, 5*o + 3*w = o + q. List the prime factors of o.
2, 79
Let x = 2724 - 1024. Suppose -t - x = -6*t. Suppose -5*h - t = -5*k, -k + 4*h = 2*k - 202. List the prime factors of k.
2, 5, 7
Let w = 115356 - 74264. List the prime factors of w.
2, 10273
List the prime factors of (-1881)/171 + 7785 + 0.
2, 13, 23
Let w = 15589 - 10831. List the prime factors of w.
2, 3, 13, 61
Suppose 18*y - 76*y = -240584. What are the prime factors of y?
2, 17, 61
Suppose 7*u - 11 - 10 = 0. Suppose u*q = q + 32. Let l = q - -61. List the prime factors of l.
7, 11
Let a(m) = 1363*m - 2010. What are the prime factors of a(11)?
12983
List the prime factors of ((-508)/(-16))/((276/14640)/23).
5, 61, 127
Let k(x) = -6*x + 54. Let u(f) = f**3 + 19*f**2 - 18. Let l be u(-19). Let g be k(l). Suppose 0 = -b, 4*r + 5*b = -g + 1098. List the prime factors of r.
2, 3, 13
Let z = 24554 + 2836. List the prime factors of z.
2, 3, 5, 11, 83
Let b(f) = 30*f**2 - 86*f + 1018. What are the prime factors of b(21)?
2, 6221
Let s(k) = -k**3 - 14*k**2 + 14*k - 11. Let c be s(-15). Suppose h + w - 4 = -0, -2*h - c*w = 0. Let d(u) = u**2 + 3*u + 3. What are the prime factors of d(h)?
7, 13
What are the prime factors of (-2547)/(-6)*(3400/12)/5?
5, 17, 283
Suppose 3*t + 6*t = 63. Suppose -448 = -t*d + 504. Let h = 232 - d. List the prime factors of h.
2, 3
Suppose -l + 2*y + 1 = 4, l + 3*y = 12. Suppose -l*x = -x + 36. Let r = x + 26. What are the prime factors of r?
2
Let z(g) = 3*g**2 - 12*g + 28. Let u be z(14). Let l = u - -29. List the prime factors of l.
3, 53
Let p = 119 - 68. Let s(u) = -2 + 7 + 5*u - 21*u**2 + p*u**2. What are the prime factors of s(-2)?
5, 23
Suppose -4*x + 16 = t, 2*x - 2*t = -0*x - 2. Suppose -21 = -4*i - 5, 4*g = x*i - 8. List the prime factors of 10 - (g - (2 - 5)).
2, 3
Suppose 29518 = 3*h + 4*p, 2*h + 3*p = 5*h - 29532. List the prime factors of h.
2, 7, 19, 37
What are the prime factors of (6020/(-70) - -1162)/(8/26 + 0)?
13, 269
Suppose -34 = 31*v + 28. List the prime factors of 72/12 + 609 + v.
613
Suppose -21*p + 7*p + 266 = 0. Suppose -775 = -24*j + p*j. List the prime factors of j.
5, 31
Let s(c) = 334*c**2 + 5*c - 5. Let m be s(1). Let w = 122 + -349. Let v = m + w. What are the prime factors of v?
107
Let h = 712 - 407. Suppose 2804 + 4114 = 6*j. Suppose -h + j = 4*l. What are the prime factors of l?
2, 53
Let w(z) = 235*z - 93. Let x be (-134)/(-335) - (-18)/5. List the prime factors of w(x).
7, 11
Suppose 0 = 8*s - 14 - 18. Suppose s*a + 10*q - 4292 = 14*q, 2*a - q - 2148 = 0. What are the prime factors of a?
5, 43
Suppose -5*b + 918 = 29*b. Suppose 16316 = b*i - 17110. What are the prime factors of i?
2, 619
Let l(p) = 4*p**2 + 42*p - 24. Let o be (-115)/10 - 2/4*1. What are the prime factors of l(o)?
2, 3
Let l(x) = x**3 - 5*x**2 + 3*x + 14. Suppose -2*o + 75 = -23. Let n = o - 43. What are the prime factors of l(n)?
2, 17
Let x be (-294)/10 - 2*(-4)/20. Let p = 39 + x. List the prime factors of (-15)/p*(-304)/6.
2, 19
Let i = -1074 - -2647. List the prim